e
Is 6006258821 prime?
False
Is 326351723 a prime number?
True
Is 2080526629 composite?
False
Is 3180194417 prime?
False
Is 16688634007 a prime number?
True
Is 16122369793 composite?
True
Is 265215976397 prime?
False
Is 54849811997 composite?
False
Is 3696668873 prime?
False
Is 202524149 a prime number?
True
Is 517810629733 a prime number?
True
Is 2356122101 composite?
False
Is 23227216997 a prime number?
True
Is 847362581 a composite number?
True
Is 266523353 composite?
True
Is 1379192461 a prime number?
True
Is 4975288219 composite?
True
Is 2636265563 composite?
True
Is 49056637033 a prime number?
True
Is 202643226001 prime?
True
Is 10870554381 composite?
True
Is 1724964203 a prime number?
True
Is 3578295401 a prime number?
False
Is 4151863129 a composite number?
True
Is 26526672647 prime?
False
Is 5364911561 a prime number?
False
Is 934296281 a prime number?
True
Is 5255054317 a prime number?
True
Is 107282083 a prime number?
True
Is 28793736619 a composite number?
True
Is 508745747 a prime number?
False
Is 43354124841 composite?
True
Is 1352880299 a composite number?
False
Is 875275469 composite?
True
Is 4054831091 composite?
True
Is 3282875977 a prime number?
True
Is 641266253 a composite number?
True
Is 4530791 a prime number?
True
Is 2650866037 composite?
False
Is 847877837 a composite number?
False
Is 1228616317 prime?
False
Is 7719764093 a composite number?
False
Is 6715620259 prime?
True
Is 2761612393 composite?
False
Is 2280893387 prime?
True
Is 2367452719 a prime number?
True
Is 2454711785 prime?
False
Is 29175362603 a prime number?
False
Is 3995196799 composite?
True
Is 1289713559 composite?
True
Is 84869758147 prime?
True
Is 353943197 composite?
False
Is 1813932923 a composite number?
True
Is 28041661379 composite?
False
Is 2947243789 composite?
True
Is 61466065397 a composite number?
True
Is 7324047307 prime?
False
Is 286056388591 composite?
False
Is 1857485029 prime?
True
Is 24992807555 a composite number?
True
Is 562614289 composite?
True
Is 819635749 prime?
True
Is 8314005649 composite?
True
Is 7935300019 prime?
False
Is 10259180363 a prime number?
True
Is 980596783 prime?
False
Is 1806975803 a prime number?
False
Is 19498117487 a composite number?
False
Is 514168469 a composite number?
False
Is 1900437499 a composite number?
True
Is 32376840523 composite?
False
Is 15948072039 composite?
True
Is 816090911 a prime number?
False
Is 548011505 composite?
True
Is 32485164479 prime?
True
Is 319460417 prime?
True
Is 4969217 a composite number?
True
Is 681081571 composite?
True
Is 118893474877 composite?
False
Is 16182405073 prime?
True
Is 843045127 prime?
True
Is 18089573587 composite?
True
Is 7448683378 prime?
False
Is 568646483 a prime number?
True
Is 2840160991 composite?
True
Is 33502040003 prime?
False
Is 6414359533 a prime number?
False
Is 664471011 a prime number?
False
Is 3403166839 a prime number?
False
Is 31737583091 prime?
False
Is 2569594639 composite?
False
Is 120337931491 a prime number?
True
Is 5918605039 a composite number?
True
Is 49877458 a prime number?
False
Is 18319674059 prime?
True
Is 7534315483 composite?
True
Is 1132178753 a composite number?
True
Is 722880857 composite?
False
Is 362760868493 a prime number?
True
Is 11095765459 composite?
True
Is 15712550389 composite?
False
Is 10099739993 a prime number?
False
Is 1783490297 composite?
True
Is 27330937301 composite?
True
Is 73609771049 a composite number?
False
Is 1532371781 a composite number?
False
Is 10896805991 composite?
False
Is 1587734809 a composite number?
False
Is 164305528733 prime?
False
Is 16164845537 composite?
False
Is 184954807 composite?
True
Is 12535945959 composite?
True
Is 6402730821 a prime number?
False
Is 2831109821 composite?
False
Is 5170333999 a prime number?
True
Is 22370784629 prime?
True
Is 65084935 prime?
False
Is 18788386273 composite?
False
Is 11476716571 prime?
False
Is 1296028009 a composite number?
True
Is 2514092683 a prime number?
False
Is 904143802 prime?
False
Is 34819018417 prime?
True
Is 1909000039 prime?
True
Is 2721144817 a composite number?
False
Is 10199511683 a composite number?
False
Is 2669214719 a prime number?
True
Is 42537061631 composite?
True
Is 7409584789 a composite number?
False
Is 9590065181 a composite number?
True
Is 1243049047 a prime number?
False
Is 8110800143 prime?
False
Is 9134114389 a prime number?
False
Is 520721699 composite?
False
Is 2122495469 prime?
True
Is 54537455479 a prime number?
False
Is 237695698 composite?
True
Is 143075771 a prime number?
False
Is 109429223 a prime number?
False
Is 2309775427 composite?
False
Is 3326314139 a prime number?
True
Is 10355382971 prime?
True
Is 4435590607 prime?
False
Is 52695831079 a prime number?
True
Is 5407579973 prime?
False
Is 75936359 composite?
False
Is 2153152135 a prime number?
False
Is 6075949669 prime?
False
Is 58386868259 composite?
False
Is 54890395909 prime?
True
Is 292344754907 prime?
True
Is 3197119921 a prime number?
True
Is 142330787671 prime?
True
Is 2145262489 a prime number?
False
Is 237688421 a composite number?
True
Is 2017804931 composite?
True
Is 101682409 prime?
True
Is 1584449819 prime?
False
Is 1169195471 composite?
False
Is 34618794349 prime?
True
Is 28805295149 a prime number?
False
Is 2138163866 a composite number?
True
Is 8640393521 a composite number?
False
Is 1002075545 composite?
True
Is 578878166039 prime?
True
Is 301795471 a composite number?
True
Is 14393818613 a composite number?
True
Is 34198459039 a composite number?
True
Is 3810463823 prime?
True
Is 7404853 a prime number?
False
Is 759879907 prime?
False
Is 22168132769 prime?
True
Is 932104191 a composite number?
True
Is 39156205831 prime?
True
Is 31180950007 composite?
True
Is 3694091969 a prime number?
True
Is 16829792207 prime?
False
Is 5877564281 a composite number?
True
Is 1191683359 a composite number?
True
Is 111191997383 a prime number?
True
Is 1672835039 composite?
False
Is 2077217213 a composite number?
True
Is 10131662617 a prime number?
False
Is 3025475851 prime?
True
Is 1146441007 prime?
True
Is 72547405613 prime?
True
Is 203865706961 a composite number?
True
Is 8616264383 a composite number?
False
Is 24257073453 a composite number?
True
Is 5010873941 a prime number?
True
Is 13995050489 prime?
False
Is 47324064817 prime?
True
Is 925457063 a composite number?
True
Is 20385320691 a composite number?
True
Is 808683413 composite?
True
Is 1248228941 prime?
True
Is 2689012057 a composite number?
False
Is 16325207 prime?
True
Is 123921440039 prime?
True
Is 1615938607 a composite number?
False
Is 1722592343 composite?
False
Is 57034464717 composite?
True
Is 929121397 a prime number?
False
Is 2609935469 a composite number?
False
Is 41441287 prime?
True
Is 4144014011 composite?
False
Is 70826969569 prime?
False
Is 689038633 a composite number?
False
Is 399702657571 composite?
True
Is 16946918713 composite?
True
Is 4112258701 prime?
True
Is 1948731311 composite?
False
Is 1431710395 a composite number?
True
Is 18712599733 prime?
True
Is 137875716311 composite?
False
Is 848638529 a prime number?
False
Is 1237665427 a prime number?
False
Is 4372065059 a prime number?
True
Is 848463233 a composite number?
True
Is 519224117 composite?
False
Is 84275033 a prime number?
False
Is 2452211647 prime?
True
Is 569747441 prime?
False
Is 2742414221 a composite number?
False
Is 1266660611 a composite number?
False
Is 1240683005 a prime number?
False
Is 11072701897 a composite number?
False
Is 30042954943 a composite number?
False
Is 1037034239 composite?
True
Is 2098197503 a prime number?
True
Is 45471656927 a prime number?
True
Is 7782590801 prime?
True
Is 1733848007 a composite number?
False
Is 74520460073 composite?
True
Is 14711817449 prime?
False
Is 658175257 a composite number?
True
Is 77496620051 a composite number?
False
Is 49533410519 a composite number?
False
Is 178437363887 composite?
False
Is 35811694733 composite?
False
Is 109467432749 prime?
False
Is 2191567409 a prime number?
False
Is 10327889293 a composite number?
False
Is 1429253053 a prime number?
False
Is 1629952561 a prime number?
True
Is 149185373 composite?
False
Is 2994147161 composite?
True
Is 2389446931 a composite number?
True
Is 2463458339 composite?
True
Is 4267666769 a prime number?
True
